at is the units digit of o(2)?
6
Suppose -5*w + 93 = -2*w. Let t = 63 - w. Suppose -12 + t = 5*c. What is the units digit of c?
4
Let o = 0 - -7. Suppose 3*w + m + o = 0, 0*m = -4*m - 16. What is the units digit of (w/3)/(9/(-351))?
3
Let n(j) = -j**2 - 4*j + 6. Let s be n(-6). Let i be (-9984)/168 + (-8)/14. What is the units digit of i/(-18) + (-4)/s?
4
Let s(r) = 5*r**3 - 10*r**2 + 27*r - 15. Let z(a) = 6*a**3 - 10*a**2 + 28*a - 15. Let p(c) = 5*s(c) - 4*z(c). What is the hundreds digit of p(9)?
1
Let z(n) = -n**3 - 10*n**2 - 12*n - 13. Let q be z(-10). Suppose 0 = i - 0*i + q. What is the tens digit of 8/(-28) - i/7?
1
Let n(t) = 2*t**3 - 2*t**2 - 3*t + 2. Let s be n(2). Suppose -2*y = s*y + 36. Let k(j) = -8*j - 2. What is the tens digit of k(y)?
4
What is the units digit of 1298/(-6)*2*(-33)/22?
9
Let t(r) = 5*r. Let a be 12/(-42) - (-102)/14. Let p be t(a). Let m = 4 + p. What is the tens digit of m?
3
What is the hundreds digit of (-1)/((-1)/(-2)) - (-6816)/12?
5
Suppose -2*o - 2*o + 164 = -2*j, -o + 41 = 5*j. Let p = o - -85. What is the tens digit of p?
2
Suppose -3*n + 992 = 2*z, 0*z - 1458 = -3*z + 3*n. What is the units digit of z?
0
Let f(c) = -2*c**3 + 17*c**2 + 13*c - 2. Let o(t) = t**3 - 10*t**2 + 2*t - 12. Let r be o(10). What is the hundreds digit of f(r)?
1
Let k be -5*8/((-40)/21). Suppose 3*j = 6*j - k. Suppose z - 44 = 2*y - j*y, -3*z = 4*y - 121. What is the tens digit of z?
3
Let a(f) = 2*f + 6. Let p(x) = -x + 1. Let m(u) = a(u) + 3*p(u). Let j be m(-4). Suppose -14*g + j*g + 20 = 0. What is the units digit of g?
0
Let i(b) be the third derivative of b**4/24 + 31*b**3/6 - 18*b**2. What is the units digit of i(-7)?
4
Suppose 103053 = 63*w - 140127. What is the units digit of w?
0
Let n be (-9)/27 - (-537)/18*-2. What is the tens digit of (-10)/n + 3394/12?
8
Suppose 5*i - 3*j - 311 = 57, 2*i + 4*j = 142. What is the units digit of i?
3
Let d be 10*(-4 - 11/(-2)). What is the units digit of (-1 - 80)/(14 - d)?
1
Suppose -7*d = -3973 + 928. What is the hundreds digit of d?
4
Suppose 2*i = 6*i + 4*w - 4, -4*i + 39 = -3*w. What is the hundreds digit of 2/i - 2416/(-24)?
1
Let r(n) = 12*n - 14*n - 10*n - 5*n. What is the tens digit of r(-3)?
5
Suppose 4*v = -5*j + 465, 5*v + 2*j + 3*j - 575 = 0. Let d = v - 31. What is the units digit of d?
9
Let o(q) = q**3 - 4*q**2 - 6*q - 6. Let x be 1 + 3 - (1 + -2). Let a be o(x). Let k = 18 + a. What is the units digit of k?
7
Suppose 0 = 8*r - 3822 - 578. What is the units digit of r?
0
Suppose -6*c - 4913 = -9*c - h, -c = -h - 1643. What is the units digit of c?
9
Let j be (1/(6/(-8)))/(1/(-3)). Suppose m - 14 = -3*p, 9*m - j*m = -p + 14. What is the units digit of p?
4
Let n = 69 + -4. Let t = n + -31. What is the tens digit of t?
3
Suppose -65 = -4*d + 5*r, -2*d + 2*r = 4*r - 28. Suppose d*c - 12*c = 12. What is the units digit of c?
4
Suppose 5 = m + 2*t + 3, -4 = 3*m - 4*t. Suppose m = 2*g + 4*g - 222. What is the units digit of g?
7
Let m(c) = -23*c + 52. What is the tens digit of m(-15)?
9
Suppose 79*w = 77*w + 190. Let i = 329 - w. What is the tens digit of i?
3
Let q(l) be the second derivative of 0 + 10*l - 2/3*l**3 - 12*l**2. What is the units digit of q(-11)?
0
What is the units digit of ((-14)/(-21))/(-1 + (-2356)/(-2355))?
0
Let p(l) = -l**2 + 27*l + 34. What is the tens digit of p(17)?
0
Suppose 236*c - 30780 = 217*c. What is the tens digit of c?
2
Suppose 426 = 2*p - 74. Let u(y) = -y**3 + 15*y**2 + 15*y + 25. Let z be u(16). What is the tens digit of p/6 - (-3)/z?
4
Suppose 2*h - 24*k - 776 = -23*k, 0 = 4*h - 5*k - 1540. What is the hundreds digit of h?
3
Let g(x) be the first derivative of -x**4/4 + 5*x**3/3 + 9*x**2/2 - 9*x + 1. Suppose 0 + 18 = 3*q. What is the units digit of g(q)?
9
Let f = -3 - -8. Suppose 5*z - 820 = -f*v, 3*v - v = -6. What is the units digit of z?
7
Let o(l) = -7*l**3 + 8*l**2 + 15*l + 3. What is the tens digit of o(-4)?
1
Let f be (89 - (0 - 0))*1. Let h be ((-6)/(-5))/(14/35). Suppose l - h*w = 6*l - 143, 3*l = -5*w + f. What is the units digit of l?
8
Let t = -22 - -32. What is the tens digit of t/(3/(-27)*-6)?
1
Let x(l) = 10*l**2 - 12*l + 10. What is the tens digit of x(11)?
8
Let t(i) = -45*i - 14. Let r be t(-4). Let h = r + -46. Suppose -4*v = -7*v + h. What is the units digit of v?
0
Suppose 5*i - 80 = 20. Let k = i + 23. What is the tens digit of k?
4
Let j = -283 + 562. What is the units digit of j?
9
Let r(p) = p**3 + 9*p**2 + 4*p + 3. Let k be r(-9). Let l = k - -2. What is the units digit of (-6)/9*3 - l?
9
Let f(t) = 4*t**2 + 9*t - 8. Let m be f(-10). What is the hundreds digit of 4 + m*(-5)/(-10)?
1
Let u = 895 - 130. What is the tens digit of u?
6
Let u(g) = 6*g**2 - 10*g + 10. Suppose 2*l = 4 + 10. Let p(h) = -5*h**2 + 9*h - 9. Let r(v) = l*p(v) + 6*u(v). What is the units digit of r(-5)?
7
Let r = -9 + 15. Suppose i = 8 - r. Suppose 5*q - 53 = i. What is the units digit of q?
1
Suppose -475 = -3*f - 5*h + 646, -f = -3*h - 397. What is the tens digit of f?
8
Suppose 4 = -5*g - 1. Let f be (3/(-9))/(g/3). Suppose -f = -4*t - 2*r + 3, -2*r = 2*t + 2. What is the units digit of t?
3
Let c(o) = o**2 + 10*o + 19. Let a be c(-3). What is the units digit of ((-3)/a)/((-6)/(-1132))?
3
Let t(h) = 228*h**2 - 60*h + 205. What is the hundreds digit of t(5)?
6
Suppose 2*x - 2*m - 14 = 0, x - 4*x = -m - 17. Suppose -2*s + 0*t + 1 = t, x*s - 4*t - 22 = 0. What is the units digit of s?
2
Suppose 3*y - 2*t = 4*y - 153, -2*y + 5*t = -315. Suppose -3*k + 5*f = -y, -k + 4*f + 20 = -27. What is the tens digit of k?
5
Suppose 0 = -4*k - 16, 0*u + 36 = -5*u + k. Let r be 6/(-24) + (-1634)/u. Suppose 9*z - 3*z - r = 0. What is the tens digit of z?
3
Let g = -41 + 50. Let j(p) = 5*p + 5. What is the units digit of j(g)?
0
Let d = -102 + 113. What is the units digit of (-31)/(-11) - (20/d - 2)?
3
Let v(y) = -248*y + 528. What is the thousands digit of v(-4)?
1
Suppose 5*h - 10*h = -2*o - 123, 22 = h - 3*o. What is the units digit of h?
5
Let k = 22 + -15. Let m(c) = 16*c + 8. Let g be m(k). Suppose 4*v + v = g. What is the units digit of v?
4
Suppose -14*t + 12*t = 60. Let b = 91 + t. What is the units digit of b?
1
Let d = 8 + 8. What is the tens digit of 699/12 - (-12)/d?
5
Suppose 4*q - 2126 - 2198 = -2*g, g = 4*q - 4312. What is the units digit of q?
9
Suppose 2*j - 5*s - 2421 = 0, 2*s - 6066 = -5*j + s. What is the thousands digit of j?
1
Let o = -3 + 6. Suppose 0 = -2*v - o*v + 70. What is the units digit of 170/v - 7/49?
2
Let k = -71 + 20. Let g = k + 105. What is the tens digit of g?
5
Suppose 4*v + 8 + 0 = -4*g, 5*g - 4*v + 19 = 0. Let i(z) = 5*z**3 - z**2 + 1. Let a be i(-1). What is the units digit of g/5 + (-103)/a?
0
Suppose 0 = 49*h - 47*h - 874. What is the hundreds digit of h?
4
Suppose 3677 = 10*u - 7073. What is the tens digit of u?
7
Let v(p) = p**3 + 3*p**2 - p - 6. Let n be v(-3). Let k be n + (-61*5 - 1). What is the tens digit of 4/6 + k/(-9)?
3
Let m(j) = 46*j - 1. Let q be m(1). Let h be ((-10)/6)/(5/q). Let v = h + 22. What is the units digit of v?
7
Let v(h) = 3 + h**2 - 2*h + 0*h + 1. Let o be v(-3). Suppose -m + 2*m - o = 0. What is the tens digit of m?
1
Let u(z) = 19*z**2 - 17*z - 10. What is the hundreds digit of u(-3)?
2
Suppose -2*i = -3*m - 38, -22 = -i - 2*m + 5*m. Suppose -18*l + 98 = -i*l. What is the units digit of l?
9
Let g(j) be the third derivative of 193*j**5/60 + j**4/12 - j**3/3 + 23*j**2. What is the tens digit of g(-1)?
8
Let n(h) = -5*h**2 - 4*h**3 + 2*h**3 - 117*h + 15 + 130*h. What is the units digit of n(-6)?
9
What is the thousands digit of (-3 + 1)*174/4*-17?
1
Let u(k) = -53*k + 84. What is the units digit of u(-21)?
7
Suppose 3*t = -2*v - 0*v - 8, 0 = -3*t - 4*v - 10. What is the units digit of 2*(3/t)/(3/(-107))?
7
Suppose 3*g - 877 = -3*h + 1574, 4*h - 2*g = 3244. What is the tens digit of h?
1
Let d = -2 + 4. Suppose 0 = d*s + 44 - 144. What is the units digit of s?
0
Let l = 696 + 2868. What is the tens digit of l?
6
Suppose -4*y + 199*j + 1814 = 197*j, j = 5*y - 2275. What is the tens digit of y?
5
Let l(q) = q**3 - q**2 - q + 1. Let f be l(2). Suppose 2*b = -f*a + a + 92, 3*a = -4*b + 139. What is the tens digit of a?
4
Let g(l) = -557*l + 116. What is the units digit of g(-5)?
1
Sup